{"id":44,"date":"2019-02-01T09:24:46","date_gmt":"2019-02-01T09:24:46","guid":{"rendered":"http:\/\/aarburger-feuerwehrverein.ch\/?page_id=44"},"modified":"2024-01-23T09:13:14","modified_gmt":"2024-01-23T08:13:14","slug":"miete-durst-loesch-anhaenger-dla","status":"publish","type":"page","link":"https:\/\/aarburger-feuerwehrverein.ch\/?page_id=44","title":{"rendered":"Miete DLA"},"content":{"rendered":"\n<figure class=\"wp-block-image size-large\"><a href=\"https:\/\/aarburger-feuerwehrverein.ch\/?attachment_id=1784\"><img loading=\"lazy\" decoding=\"async\" width=\"1024\" height=\"726\" src=\"https:\/\/aarburger-feuerwehrverein.ch\/wp-content\/uploads\/2023\/05\/FlyerVS-1024x726.jpg\" alt=\"\" class=\"wp-image-1784\" srcset=\"https:\/\/aarburger-feuerwehrverein.ch\/wp-content\/uploads\/2023\/05\/FlyerVS-1024x726.jpg 1024w, https:\/\/aarburger-feuerwehrverein.ch\/wp-content\/uploads\/2023\/05\/FlyerVS-300x213.jpg 300w, https:\/\/aarburger-feuerwehrverein.ch\/wp-content\/uploads\/2023\/05\/FlyerVS-150x106.jpg 150w, https:\/\/aarburger-feuerwehrverein.ch\/wp-content\/uploads\/2023\/05\/FlyerVS-768x545.jpg 768w, https:\/\/aarburger-feuerwehrverein.ch\/wp-content\/uploads\/2023\/05\/FlyerVS-1536x1090.jpg 1536w, https:\/\/aarburger-feuerwehrverein.ch\/wp-content\/uploads\/2023\/05\/FlyerVS.jpg 1748w\" sizes=\"auto, (max-width: 1024px) 100vw, 1024px\" \/><\/a><\/figure>\n\n\n\n<figure class=\"wp-block-image size-large\"><img loading=\"lazy\" decoding=\"async\" width=\"1024\" height=\"726\" src=\"https:\/\/aarburger-feuerwehrverein.ch\/wp-content\/uploads\/2023\/05\/FlyerRS-1024x726.jpg\" alt=\"\" class=\"wp-image-1786\" srcset=\"https:\/\/aarburger-feuerwehrverein.ch\/wp-content\/uploads\/2023\/05\/FlyerRS-1024x726.jpg 1024w, https:\/\/aarburger-feuerwehrverein.ch\/wp-content\/uploads\/2023\/05\/FlyerRS-300x213.jpg 300w, https:\/\/aarburger-feuerwehrverein.ch\/wp-content\/uploads\/2023\/05\/FlyerRS-150x106.jpg 150w, https:\/\/aarburger-feuerwehrverein.ch\/wp-content\/uploads\/2023\/05\/FlyerRS-768x545.jpg 768w, https:\/\/aarburger-feuerwehrverein.ch\/wp-content\/uploads\/2023\/05\/FlyerRS-1536x1090.jpg 1536w, https:\/\/aarburger-feuerwehrverein.ch\/wp-content\/uploads\/2023\/05\/FlyerRS.jpg 1748w\" sizes=\"auto, (max-width: 1024px) 100vw, 1024px\" \/><\/figure>\n\n\n\n<div class=\"wp-block-file\"><a id=\"wp-block-file--media-7f559a52-1496-404c-bb2b-c12e45212097\" href=\"https:\/\/aarburger-feuerwehrverein.ch\/wp-content\/uploads\/2024\/01\/Beide-Seiten.pdf\">Flyer<\/a><a href=\"https:\/\/aarburger-feuerwehrverein.ch\/wp-content\/uploads\/2024\/01\/Beide-Seiten.pdf\" class=\"wp-block-file__button wp-element-button\" download aria-describedby=\"wp-block-file--media-7f559a52-1496-404c-bb2b-c12e45212097\">Herunterladen<\/a><\/div>\n\n\n\n<p>Gelb ist noch nicht best\u00e4tigt oder der Termin ist nur reserviert.<br>Es ist also m\u00f6glich, dass der Anh\u00e4nger trotzdem verf\u00fcgbar w\u00e4re.<br>Fragt uns einfach an und wir finden gemeinsam eine L\u00f6sung.<\/p>\n\n\n\n<div class=\"wp-block-columns is-layout-flex wp-container-core-columns-is-layout-28f84493 wp-block-columns-is-layout-flex\">\n<div class=\"wp-block-column is-layout-flow wp-block-column-is-layout-flow\">\n<div class=\"wp-block-columns alignwide is-layout-flex wp-container-core-columns-is-layout-28f84493 wp-block-columns-is-layout-flex\">\n<div class=\"wp-block-column is-layout-flow wp-block-column-is-layout-flow\" style=\"flex-basis:100%\">\n<div class=\"wp-block-booking-booking\"> <div id=\"form_id1094383449544\" class=\"wpbc_container wpbc_form wpbc_container_booking_form wpbc_theme_dark_1\" ><form id=\"booking_form1\" class=\"booking_form vertical\" method=\"post\" action=\"\"><div id=\"ajax_respond_insert1\" class=\"ajax_respond_insert\" style=\"display:none;\"><\/div><a name=\"bklnk1\" id=\"bklnk1\"><\/a><div id=\"booking_form_div1\" class=\"booking_form_div\"><style type=\"text\/css\">.wpbc_container_booking_form .block_hints, .wpbc_booking_form_simple.wpbc_form_center .wpbc__form__div .wpbc__row.wpbc_r_calendar, .wpbc_booking_form_simple .wpbc__form__div .wpbc__row:not(.wpbc_r_calendar){max-width:440px;} <\/style>\n<div class=\"wpbc_booking_form_simple \">\n<div class=\"wpbc__row\">\n  <div class=\"wpbc__field\">\n    <div class=\"wpbc_calendar_wraper wpbc_change_over_triangle\"><div class=\"wpbc_cal_container bk_calendar_frame wpbc_no_custom_width  months_num_in_row_ cal_month_num_2 wpbc_timeslot_day_bg_as_available\" style=\"\"><div id=\"calendar_booking1\"  class=\"wpbc_calendar_id_1\" >\t<div class=\"calendar_loader_frame calendar_loader_frame1\"\r\n\t\tdata-wpbc-rid=\"1\"\r\n\t\tdata-wpbc-grace=\"8000\"\r\n\t\tstyle=\"--wpbc-loader-cols: 2;\"\r\n\t>\r\n\t\t<div class=\"calendar_loader_text\">Wird geladen...<\/div>\r\n\t\t<div class=\"calendar_loader_frame__progress_line_container\">\r\n\t\t\t<div class=\"calendar_loader_frame__progress_line\"><\/div>\r\n\t\t<\/div>\r\n\t<\/div>\r\n\t<\/div><\/div><textarea id=\"date_booking1\" name=\"date_booking1\" autocomplete=\"off\" style=\"display:none;\"><\/textarea><div class=\"block_hints datepick \"><div class=\"wpdev_hint_with_text\"><div class=\"\"><div class=\"datepick-inline wpbc_calendar_legend_table_width_height\"><table class=\"datepick wpbc_calendar\" style=\"\"><tbody><tr><td class=\"datepick-days-cell date_available wpbc_calendar_legend_day_cell_height\"><div class=\"wpbc-cell-box\">\t<div class=\"date-cell-content\">\t\t<div class=\"date-content-top\"><\/div>\t\t<a>&nbsp;<\/a>\t\t<div class=\"date-content-bottom\"><\/div>\t<\/div><\/div><\/td><\/tr><\/tbody><\/table><\/div><\/div><div class=\"block_text\">- <\/div><div class=\"block_text\">Verf\u00fcgbar<\/div><\/div><div class=\"wpdev_hint_with_text\"><div class=\"\"><div class=\"datepick-inline wpbc_calendar_legend_table_width_height\"><table class=\"datepick wpbc_calendar\" style=\"\"><tbody><tr><td class=\"datepick-days-cell datepick-unselectable date_user_unavailable full_day_booking date_approved wpbc_calendar_legend_day_cell_height\"><div class=\"wpbc-cell-box\">\t<div class=\"date-cell-content\">\t\t<div class=\"date-content-top\"><\/div>\t\t<span>&nbsp;<\/span>\t\t<div class=\"date-content-bottom\"><\/div>\t<\/div><\/div><\/td><\/tr><\/tbody><\/table><\/div><\/div><div class=\"block_text\">- <\/div><div class=\"block_text\">Gebucht<\/div><\/div><div class=\"wpdev_hint_with_text\"><div class=\"\"><div class=\"datepick-inline wpbc_calendar_legend_table_width_height\"><table class=\"datepick wpbc_calendar\" style=\"\"><tbody><tr><td class=\"datepick-days-cell datepick-unselectable date_user_unavailable full_day_booking date2approve wpbc_calendar_legend_day_cell_height\"><div class=\"wpbc-cell-box\">\t<div class=\"date-cell-content\">\t\t<div class=\"date-content-top\"><\/div>\t\t<span>&nbsp;<\/span>\t\t<div class=\"date-content-bottom\"><\/div>\t<\/div><\/div><\/td><\/tr><\/tbody><\/table><\/div><\/div><div class=\"block_text\">- <\/div><div class=\"block_text\">Ausstehend<\/div><\/div><\/div><\/div>\n  <\/div>\n  <div class=\"wpbc__field\">\n<div class=\"wpbc__form__div\">\n\t\t\t<div class=\"wpbc__row\">\n\t\t\t\t<div class=\"wpbc_r_name wpbc__field\"> <label>First Name*<\/label><br><span class=\"wpbc_wrap_text wpdev-form-control-wrap name1\"><input type=\"text\" name=\"name1\" value=\"\" autocomplete=\"name\" class=\"wpdev-validates-as-required\" size=\"40\" \/><\/span> <\/div>\n\t\t\t<\/div>\n\t\t\t<div class=\"wpbc__row\">\n\t\t\t\t<div class=\"wpbc_r_secondname wpbc__field\"> <label>Last Name*<\/label><br><span class=\"wpbc_wrap_text wpdev-form-control-wrap secondname1\"><input type=\"text\" name=\"secondname1\" value=\"\" autocomplete=\"secondname\" class=\"wpdev-validates-as-required\" size=\"40\" \/><\/span> <\/div>\n\t\t\t<\/div>\n\t\t\t<div class=\"wpbc__row\">\n\t\t\t\t<div class=\"wpbc_r_email wpbc__field\"> <label>Email*<\/label><br><span class=\"wpbc_wrap_text wpdev-form-control-wrap email1\"><input type=\"email\" name=\"email1\" value=\"\" autocomplete=\"email\" class=\"wpdev-validates-as-email wpdev-validates-as-required\" size=\"40\" \/><\/span> <\/div>\n\t\t\t<\/div>\n\t\t\t<div class=\"wpbc__row\">\n\t\t\t\t<div class=\"wpbc_r_phone wpbc__field\"> <label>Phone<\/label><br><span class=\"wpbc_wrap_text wpdev-form-control-wrap phone1\"><input type=\"text\" name=\"phone1\" value=\"\" autocomplete=\"phone\" size=\"40\" \/><\/span> <\/div>\n\t\t\t<\/div>\n\t\t\t<div class=\"wpbc__row\">\n\t\t\t\t<div class=\"wpbc_r_details wpbc__field\"> <label>Details<\/label><br><span class=\"wpbc_wrap_textarea wpdev-form-control-wrap details1\"><textarea name=\"details1\" autocomplete=\"details\"><\/textarea><\/span> <\/div>\n\t\t\t<\/div>\n\t\t\t<div class=\"wpbc__row\">\n\t\t\t\t<div class=\"wpbc_r_captcha wpbc__field\"> <label><\/label><br><span class=\"wpbc_text_captcha_container wpdev-form-control-wrap \"><input  autocomplete=\"off\" type=\"hidden\" name=\"wpdev_captcha_challenge_1\"  id=\"wpdev_captcha_challenge_1\" value=\"1749732390\" \/><input  autocomplete=\"off\" type=\"text\" class=\"captachinput\" value=\"\" name=\"captcha_input1\" id=\"captcha_input1\" \/><img decoding=\"async\" class=\"captcha_img\"  id=\"captcha_img1\" alt=\"To show CAPTCHA, please deactivate cache plugin or exclude this page from caching or disable CAPTCHA at WP Booking Calendar - Settings General page in Form Options section.\" src=\"https:\/\/aarburger-feuerwehrverein.ch\/wp-content\/plugins\/booking\/js\/captcha\/tmp\/1749732390.png\" \/><\/span> <\/div>\n\t\t\t<\/div>\n\t\t\t<div class=\"wpbc__row\">\n\t\t\t\t<div class=\"wpbc_r_submit wpbc__field\"><input type=\"button\" value=\"Senden\" class=\"wpbc_button_light  btn btn\" onclick=\"wpbc_booking_form_submit(this.form,1, 'de_DE');\" \/> <\/div>\n\t\t\t<\/div>\n<\/div>\n\t<\/div>\n\t<\/div>\n<\/div><input id=\"bk_type1\" name=\"bk_type1\" class=\"\" type=\"hidden\" value=\"1\" \/><\/div><div id=\"submiting1\"><\/div><div class=\"form_bk_messages\" id=\"form_bk_messages1\" ><\/div><input type=\"hidden\" id=\"wpbc_nonceCALCULATE_THE_COST1\" name=\"wpbc_nonceCALCULATE_THE_COST1\" value=\"71cf3dccaf\" \/><input type=\"hidden\" name=\"_wp_http_referer\" value=\"\/index.php?rest_route=%2Fwp%2Fv2%2Fpages%2F44\" \/><\/form><\/div><div id=\"booking_form_garbage1\" class=\"booking_form_garbage\"><\/div> <\/div>\n<\/div>\n<\/div>\n<\/div>\n<\/div>\n\n\n\n<ul class=\"wp-block-list\">\n<li><\/li>\n<\/ul>\n\n\n\n<blockquote class=\"wp-block-quote is-layout-flow wp-block-quote-is-layout-flow\">\n<p><strong>Die Miete kostet 310.-<\/strong><br>da sind folgende Leistungen enthalten:<\/p>\n\n\n\n<ul class=\"wp-block-list\">\n<li>Anfahrtsweg 10 km ab Aarburg<\/li>\n\n\n\n<li>Auf und Abbau so wie die Bedienung durch ein Vereinsmitglied<\/li>\n\n\n\n<li>1 Fass Bier 20l<\/li>\n\n\n\n<li>3 Stunden Einsatzzeit ohne Anfahrtszeit<\/li>\n<\/ul>\n\n\n\n<p>zuz\u00fcgliche kosten<\/p>\n\n\n\n<ul class=\"wp-block-list\">\n<li>jedes weitere Bierfass CHF 90.00<\/li>\n\n\n\n<li>pro angefangene Stunde verrechnen wir CHF 60.00<\/li>\n\n\n\n<li>pro zus\u00e4tzlichen Kilometer werden CHF 1.50 f\u00e4llig<\/li>\n<\/ul>\n<\/blockquote>\n","protected":false},"excerpt":{"rendered":"<p>Gelb ist noch nicht best\u00e4tigt oder der Termin ist nur reserviert.Es ist also m\u00f6glich, dass der Anh\u00e4nger trotzdem verf\u00fcgbar w\u00e4re.Fragt uns einfach an und wir finden gemeinsam eine L\u00f6sung.<\/p>\n","protected":false},"author":1,"featured_media":0,"parent":0,"menu_order":0,"comment_status":"closed","ping_status":"closed","template":"","meta":{"ngg_post_thumbnail":0,"footnotes":""},"class_list":["post-44","page","type-page","status-publish","hentry"],"_links":{"self":[{"href":"https:\/\/aarburger-feuerwehrverein.ch\/index.php?rest_route=\/wp\/v2\/pages\/44","targetHints":{"allow":["GET"]}}],"collection":[{"href":"https:\/\/aarburger-feuerwehrverein.ch\/index.php?rest_route=\/wp\/v2\/pages"}],"about":[{"href":"https:\/\/aarburger-feuerwehrverein.ch\/index.php?rest_route=\/wp\/v2\/types\/page"}],"author":[{"embeddable":true,"href":"https:\/\/aarburger-feuerwehrverein.ch\/index.php?rest_route=\/wp\/v2\/users\/1"}],"replies":[{"embeddable":true,"href":"https:\/\/aarburger-feuerwehrverein.ch\/index.php?rest_route=%2Fwp%2Fv2%2Fcomments&post=44"}],"version-history":[{"count":46,"href":"https:\/\/aarburger-feuerwehrverein.ch\/index.php?rest_route=\/wp\/v2\/pages\/44\/revisions"}],"predecessor-version":[{"id":2037,"href":"https:\/\/aarburger-feuerwehrverein.ch\/index.php?rest_route=\/wp\/v2\/pages\/44\/revisions\/2037"}],"wp:attachment":[{"href":"https:\/\/aarburger-feuerwehrverein.ch\/index.php?rest_route=%2Fwp%2Fv2%2Fmedia&parent=44"}],"curies":[{"name":"wp","href":"https:\/\/api.w.org\/{rel}","templated":true}]}}