{"id":25,"date":"2019-02-01T09:13:19","date_gmt":"2019-02-01T09:13:19","guid":{"rendered":"http:\/\/aarburger-feuerwehrverein.ch\/?page_id=25"},"modified":"2023-02-16T09:28:43","modified_gmt":"2023-02-16T08:28:43","slug":"ueber-uns","status":"publish","type":"page","link":"https:\/\/aarburger-feuerwehrverein.ch\/?page_id=25","title":{"rendered":"\u00dcber uns"},"content":{"rendered":"\n<p class=\"has-drop-cap has-black-color has-white-background-color has-text-color has-background\">Wir sind ein Verein von ehemaligen sowie aktiven Feuerwehrleuten der Feuerwehr Aarburg.<\/p>\n\n\n\n<p class=\"has-black-color has-white-background-color has-text-color has-background has-small-font-size\">Unser Ziel ist es, die Zusammengeh\u00f6rigkeit zu f\u00f6rdern und gemeinsam an Anl\u00e4ssen teilzunehmen.<\/p>\n","protected":false},"excerpt":{"rendered":"<p>Wir sind ein Verein von ehemaligen sowie aktiven Feuerwehrleuten der Feuerwehr Aarburg. Unser Ziel ist es, die Zusammengeh\u00f6rigkeit zu f\u00f6rdern und gemeinsam an Anl\u00e4ssen teilzunehmen.<\/p>\n","protected":false},"author":1,"featured_media":0,"parent":0,"menu_order":0,"comment_status":"closed","ping_status":"closed","template":"","meta":{"ngg_post_thumbnail":0,"footnotes":""},"class_list":["post-25","page","type-page","status-publish","hentry"],"_links":{"self":[{"href":"https:\/\/aarburger-feuerwehrverein.ch\/index.php?rest_route=\/wp\/v2\/pages\/25","targetHints":{"allow":["GET"]}}],"collection":[{"href":"https:\/\/aarburger-feuerwehrverein.ch\/index.php?rest_route=\/wp\/v2\/pages"}],"about":[{"href":"https:\/\/aarburger-feuerwehrverein.ch\/index.php?rest_route=\/wp\/v2\/types\/page"}],"author":[{"embeddable":true,"href":"https:\/\/aarburger-feuerwehrverein.ch\/index.php?rest_route=\/wp\/v2\/users\/1"}],"replies":[{"embeddable":true,"href":"https:\/\/aarburger-feuerwehrverein.ch\/index.php?rest_route=%2Fwp%2Fv2%2Fcomments&post=25"}],"version-history":[{"count":5,"href":"https:\/\/aarburger-feuerwehrverein.ch\/index.php?rest_route=\/wp\/v2\/pages\/25\/revisions"}],"predecessor-version":[{"id":1777,"href":"https:\/\/aarburger-feuerwehrverein.ch\/index.php?rest_route=\/wp\/v2\/pages\/25\/revisions\/1777"}],"wp:attachment":[{"href":"https:\/\/aarburger-feuerwehrverein.ch\/index.php?rest_route=%2Fwp%2Fv2%2Fmedia&parent=25"}],"curies":[{"name":"wp","href":"https:\/\/api.w.org\/{rel}","templated":true}]}}